(n) = 4429*n + 33204. Calculate t(-7).
2201
Let j(s) = -2*s**2 - 688*s + 2696. Give j(4).
-88
Let m(z) = 50123*z + 100418. Give m(-2).
172
Let h(q) = 5*q**2 - 245099*q + 3. Calculate h(0).
3
Let g(t) = -11*t**2 + 4486*t - 235853. Determine g(62).
-5
Let h(t) = -770*t**2 - 4625*t - 56. What is h(-6)?
-26
Let z(c) = -51*c**3 + 198*c**2 + 44*c - 78. Calculate z(4).
2
Let q(n) = -2*n**3 + 617*n**2 + 802*n + 39686. Calculate q(310).
6
Let u(b) = 56*b**3 - b**2 - 241*b + 474. Determine u(2).
436
Let l(p) = -3*p**3 + 331*p**2 - 1374*p + 135. Give l(106).
559
Let u(y) = 86*y**2 - 4153*y + 1206. What is u(48)?
6
Let v(l) = 2*l**2 - 28*l - 59. Give v(-2).
5
Let p(l) = l**3 - 10*l**2 - 8662*l + 78080. Calculate p(9).
41
Let k(y) = 151*y**2 + 10865*y - 91. Determine k(-72).
413
Let y(m) = -m**3 + 250*m**2 + 13272*m + 740. Determine y(295).
-145
Let s(p) = -3*p**3 - 115*p**2 + 4187*p - 4513. What is s(22)?
-3
Let f(n) = -553*n + 168167. Give f(307).
-1604
Let p(b) = -17*b**2 - 229*b + 147. Give p(-14).
21
Let h(i) = -5*i**3 - i**2 + 14*i - 130. Determine h(6).
-1162
Let r(t) = -3*t**2 + 1002*t - 15271. Determine r(318).
-7
Let t(v) = -v**2 - 278*v + 70075. Determine t(-438).
-5
Let h(l) = -5*l**2 + 61*l + 651. Determine h(-8).
-157
Let k(q) = -q**3 + 10*q**2 - 357*q + 1283. Calculate k(4).
-49
Let i(c) = 285*c**3 - 6*c**2 + 137*c + 290. Calculate i(-2).
-2288
Let w(y) = 714*y - 10203. Determine w(14).
-207
Let i(b) = -8*b**2 - 185*b + 1. What is i(-23)?
24
Let m(p) = -p**3 - 420*p**2 + 6078*p + 893. What is m(-434)?
25
Let i(j) = -3*j**2 + 118*j + 29. Calculate i(-3).
-352
Let c(z) = z**3 + 13*z**2 - 5652*z - 33. Give c(-82).
-525
Let x(w) = w**3 + 30*w**2 - 284*w - 5046. Determine x(-34).
-14
Let v(l) = -8*l**2 + 680*l - 125. What is v(85)?
-125
Let b(p) = 7966*p + 85905. Give b(-11).
-1721
Let a(i) = 10*i**3 + 391*i**2 + 414*i - 141. Give a(-38).
11
Let o(a) = 1352*a - 16315. Give o(12).
-91
Let h(s) = -2*s**2 + 318*s - 274. Calculate h(151).
2142
Let r(v) = -3529*v - 7118. What is r(-2)?
-60
Let v(u) = -u**3 - 32*u**2 + 60*u + 1953. What is v(-8)?
-63
Let o(p) = p**3 - 122*p**2 + 494*p - 2667. Give o(118).
-71
Let i(j) = -j**2 - 3801*j + 53522. What is i(14)?
112
Let j(m) = m**2 + 688*m + 7501. Determine j(-11).
54
Let r(s) = -2*s**3 + 58*s**2 - 101*s + 2897. Calculate r(29).
-32
Let q(w) = 42*w**2 + 804*w - 767. Give q(-20).
-47
Let h(u) = -u**3 + 20*u**2 + 122*u - 1521. Give h(21).
600
Let z(w) = 749*w + 80845. What is z(-108)?
-47
Let d(w) = 10*w**2 - 983*w - 267748. Determine d(220).
-8
Let u(c) = -c**2 - 144*c + 750. Calculate u(0).
750
Let h(c) = -48*c + 4181. Give h(88).
-43
Let o(l) = -48*l**3 + 942*l**2 - 577*l + 142. Calculate o(19).
9
Let z(a) = -2*a**2 - 409*a - 8269. Calculate z(-21).
-562
Let f(z) = 7*z**3 + 1218*z**2 - 7562*z - 329. Determine f(-180).
31
Let c(i) = 2*i**2 + 1296*i + 69530. What is c(-59)?
28
Let x(t) = 225*t + 4266. Give x(-17).
441
Let r(h) = 2*h**2 + 14554*h + 650879. What is r(-45)?
-1
Let p(k) = k**3 - 151*k**2 + 2385*k - 360105. What is p(151)?
30
Let i(z) = -2*z**2 - 480*z + 23005. Calculate i(41).
-37
Let z(r) = -r**3 + 19*r**2 + 55*r + 264. Give z(22).
22
Let f(g) = 18*g**3 - 1260*g**2 - 74*g + 5199. Calculate f(70).
19
Let v(i) = 5*i**2 + 110*i + 338. What is v(-15)?
-187
Let v(d) = -33*d - 6330. Give v(-69).
-4053
Let f(o) = -o**3 + 630*o**2 + 64*o - 40353. What is f(630)?
-33
Let k(h) = -h**3 - 240*h**2 + 823*h + 23508. Determine k(-243).
666
Let m(a) = -23*a**3 + 2965*a**2 + 262*a - 546. Give m(129).
-30
Let v(i) = -326*i + 12113. Calculate v(37).
51
Let s(z) = -3*z**2 - 10551*z - 63223. Determine s(-6).
-25
Let y(i) = -7*i**2 - 5658*i + 237513. Give y(40).
-7
Let y(u) = 8*u**3 - 78*u**2 + 420*u - 145. Give y(5).
1005
Let d(c) = -395*c - 3147. Determine d(-11).
1198
Let s(o) = -4265*o - 1036403. Determine s(-243).
-8
Let j(c) = -2*c**2 + 1536*c - 56860. Determine j(39).
2
Let o(m) = -m**2 + 173*m - 8990. Determine o(67).
-1888
Let m(l) = 138821*l + 2359962. Give m(-17).
5
Let u(k) = -22*k**2 + 1949*k + 3911. Determine u(-2).
-75
Let z(q) = -1622*q**2 - 22727*q - 106. Calculate z(-14).
160
Let g(n) = -8270*n - 1348014. Determine g(-163).
-4
Let h(o) = 50*o**2 + 331*o - 1657. Determine h(-10).
33
Let d(l) = 2762*l - 41. Give d(0).
-41
Let i(w) = -w**3 + 127*w**2 + 155*w - 623. What is i(128)?
2833
Let u(y) = 76977*y - 7081884. Give u(92).
0
Let x(v) = 2377*v + 106978. Calculate x(-45).
13
Let r(a) = 6*a**2 + 518*a - 4925. What is r(-95)?
15
Let c(g) = 3056*g**2 + 498129*g + 111. Determine c(-163).
-52
Let x(f) = -101809*f - 2952460. Determine x(-29).
1
Let l(z) = 2*z**3 + 1227*z**2 - 10606*z - 19859. What is l(-622)?
45
Let q(h) = h**3 - 7*h**2 - 58*h - 252. Give q(12).
-228
Let b(u) = -u**3 - 22*u**2 - 49*u + 44. Determine b(-19).
-108
Let k(w) = 29*w**3 - 31*w**2 + 48*w - 47. Give k(1).
-1
Let l(a) = -18*a**2 + 122*a + 13338. Determine l(-24).
42
Let y(r) = r**2 + 638*r - 9566. Give y(15).
229
Let z(p) = 58*p**3 - 10559*p**2 + 518*p + 5056. Calculate z(182).
-40
Let h(c) = -120*c + 1773. Determine h(33).
-2187
Let u(v) = 35*v**2 + 4430*v - 13587. Calculate u(3).
18
Let w(t) = -2*t**3 + 79*t**2 - 1015*t + 42188. Calculate w(40).
-12
Let d(j) = -j**3 - 11*j**2 - 184*j - 780. Give d(-5).
-10
Let l(n) = -70*n - 517. Determine l(-8).
43
Let f(o) = 2106*o**3 - 3*o**2 - 23*o + 27. Give f(1).
2107
Let j(i) = 2*i**3 + 1109*i**2 - 38776*i + 37. Calculate j(33).
4
Let o(i) = 5824*i + 1485087. Give o(-255).
-33
Let m(w) = 4*w**3 - 1815*w**2 + 1362*w - 1358. Give m(453).
1
Let n(q) = q**3 - 79*q**2 + 21*q + 262. Give n(2).
-4
Let z(l) = 214*l + 1991. Determine z(-4).
1135
Let s(q) = -52*q**3 - 364*q**2 - 2611*q - 18278. Give s(-7).
-1
Let k(t) = -20*t**2 + 548*t - 2774. What is k(5)?
-534
Let p(u) = -4*u**2 - 6709*u - 86541. Calculate p(-13).
0
Let m(c) = -1933*c - 67423. What is m(-35)?
232
Let g(a) = -3*a**2 + 378*a + 172. What is g(126)?
172
Let w(x) = x**3 + 16*x**2 + 11*x + 593. Give w(-19).
-699
Let j(g) = -g**3 - 22*g**2 + 18*g - 224. What is j(-22)?
-620
Let i(s) = 3693*s + 265964. What is i(-72)?
68
Let o(x) = -45395*x - 635537. What is o(-14)?
-7
Let t(u) = u**2 - 5164*u + 174699. Give t(34).
279
Let d(t) = -10926*t - 11337. Calculate d(-1).
-411
Let q(n) = -281*n**3 + 2*n**2 - 28*n - 68. Give q(-2).
2244
Let x(r) = -4294*r - 30456. What is x(-7)?
-398
Let p(k) = 40721*k + 570108. Calculate p(-14).
14
Let j(y) = 4*y**2 - 635*y - 472170. What is j(432)?
6
Let b(n) = -n**3 + 57*n**2 - 175*n + 473. Calculate b(54).
-229
Let v(y) = 79*y**2 + 2413*y - 3542. What is v(-32)?
138
Let w(a) = -135920*a + 1495097. What is w(11)?
-23
Let u(i) = -209*i**2 + 3351*i + 6698. Give u(-2).
-840
Let c(t) = -159*t + 7650. What is c(45)?
495
Let f(i) = 12*i**3 - 39*i**2 - 54*i + 58. Give f(-2).
-86
Let b(l) = -l**2 - 209*l - 10347. What is b(-80)?
-27
Let y(b) = -b**2 - 140*b - 382. Calculate y(-140).
-382
Let n(b) = 3499*b + 556017. Calculate n(-159).
-324
Let w(p) = -2157*p + 8352. Give w(4).
-276
Let b(v) = -1365*v**2 - 644*v + 638. What is b(1)?
-1371
Let v(r) = 4170*r + 12301. Give v(-3).
-209
Let l(p) = -173*p + 6627. Calculate l(35).
572
Let s(t) = -t**2 + 12*t + 2900. What is s(-53)?
-545
Let u(w) = -2*w**2 - 73*w + 64686. Determine u(-199).
11
Let f(k) = 24*k**3 - 33*k**2 + 2*k. Calculate f(4).
1016
Let w(n) = n**2 - 495*n + 13066. Determine w(28).
-10
Let n(v) = -v**3 - 137*v**2 - 2801*v - 98. Give n(-112).
14
Let w(n) = n**2 - 586*n - 24786. Determine w(-40).
254
Let v(p) = -7162*p + 43042. Determine v(6).
70
Let b(c) = 424*c - 72685. What is b(172)?
243
Let m(r) = 30*r**2 - 508*r - 585. Calculate m(20).
1255
Let x(s) = 3*s**3 + 32*s**2 + 1211*s + 11924. Give x(-10).
14
Let v(g) = 15*g**2 - 586*g - 766. What is v(40)?
-206
Let w(x) = x**2 - 106*x - 2287. What is w(-20)?
233
Let j(c) = c**3 - 14*c**2 - 69*c + 824. Calculate j(15).
14
Let z(f) = -f**3 - 25*f**2 - 175*f - 2368. Determine z(-22).
30
Let j(l) = l**3 - 95*l**2 - 607*l - 346. Give j(101).
-447
Let g(l) = -2*l**2 + 1885*l - 11218. Determine g(6).
20
Let y(p) = -983303*p + 11799636. Determine y(12).
0
Let p(u) = 1379*u - 220208. Give p(159).
-947
Let j(r) = r**3 - 36*r**2 - 28*r + 1809. Give j(35).
-396
Let v(o) = 24769*o + 2006302. Calculate v(-81).
13
Let h(d